)). Suppose -c - 311 = -3*j, -5*j = -c + l - 539. What are the prime factors of j?
3, 5, 7
Let w(x) be the second derivative of 7*x**4/12 - x**3/2 + 5*x**2/2 - 37*x. What are the prime factors of w(2)?
3
Suppose 0 = 2*j + 4*z + 2, -5*z - 29 = 5*j - z. Let v = 10 + j. What are the prime factors of (-6*v)/(-3) + 28?
2, 3, 5
Let w(f) = 5*f**2 - 7*f + 23. Let j be w(19). Suppose -r = 4*d + j, -853 = d + d - 5*r. What are the prime factors of d/(-6) + (-3)/(-9)?
71
Suppose 2*h - 5*y - 554 = 0, -5*h + 521 = -4*y - 864. What are the prime factors of h?
277
What are the prime factors of 3014 + (10/(-4))/((-16)/(-32))?
3, 17, 59
Suppose -4*f + 181 + 355 = 0. Let u = f - -12. What are the prime factors of u?
2, 73
Let v = -13 - -14. List the prime factors of 3/v - -47 - -3.
53
Let l(d) = -962*d**3 - d**2 + 11*d + 11. List the prime factors of l(-1).
31
What are the prime factors of 180/80*(-3592)/(-3)?
2, 3, 449
Let l(t) = -t**3 + 4*t**2 + 6*t - 3. Let v be l(5). Suppose v*h - 37 = 233. Suppose 2*k - u - 59 = 6, -4*k + 3*u + h = 0. List the prime factors of k.
2, 3, 5
Let h = 14 - -4. Suppose 0 = -4*r + 128 + 116. Let j = r - h. List the prime factors of j.
43
Let j(o) = -o**3 - 6*o**2 - 4*o + 10. Let m be j(-5). Suppose 2*k = -3*k - 2*s + 117, -k = m*s - 28. List the prime factors of k.
23
Let a be (-7)/28 - (-77)/4. Suppose 2*z - 4*b + 12 = 0, 5*b + 0 = 5*z + 15. Suppose z = -w + a + 20. What are the prime factors of w?
3, 13
Suppose -1 = 2*a + 11. Let u = a + 9. Suppose -u*f + 17 = -2*f. List the prime factors of f.
17
Suppose 13*u = 1162 - 226. List the prime factors of u.
2, 3
Let r(s) = -104*s**3 + s**2 + s. Suppose u + 37 = 5*x + 11, -25 = -5*x. What are the prime factors of r(u)?
2, 13
Let u = -209 - -326. Let p = 219 - u. List the prime factors of p.
2, 3, 17
Let l(k) = k**3 + 23*k**2 + 20*k - 24. Let b be l(-22). Let z = 58 - 22. Let n = z - b. List the prime factors of n.
2
Let y(d) = d**3 - d**2 + 2*d + 7. Let s be y(0). Suppose 132 = s*u - 3*u. What are the prime factors of u?
3, 11
What are the prime factors of ((-74)/37)/((-4)/1670)?
5, 167
Let o be 0/(-2 + 1) - -3. Suppose -3*l + 4*w = o*w + 3, 2*l = -4*w - 2. What are the prime factors of 17 - (l + 16/4)?
2, 7
Let l(p) = -p + 21. Let s be l(0). Let u = s + -17. Suppose 2*c = -3*j + 37, 0 = -5*c - u + 29. What are the prime factors of j?
3
Let l = -10 + 15. Suppose -l*u + 144 = -106. Suppose -c + u = c. What are the prime factors of c?
5
Let s(f) be the first derivative of -3*f**2/2 + 16*f + 3. Let i be s(5). List the prime factors of i/(3 - 2)*41.
41
Let q = 30 + -28. List the prime factors of (-26 - 5)*(-3 + q).
31
Let v = 521 - -3182. List the prime factors of v.
7, 23
Let b(z) = -z**3 - 3*z**2 + 6*z + 4. Let u be (7 + 5)*(-1)/3. Let y be b(u). Let j = y - -36. List the prime factors of j.
2
Suppose -3*i - 13 = 5*v, 3*v + 3 = -8*i + 5*i. Let q = 7 - i. Suppose 24 = 4*u - q*u. List the prime factors of u.
2, 3
Let o be (0 - 1) + -1*4. Let x(u) = 216*u + u**2 + 210*u + 215*u - 11 - 649*u + 2. What are the prime factors of x(o)?
2, 7
Suppose -q - 4*h = -1242, -1233 = -q - 5*h + 4*h. List the prime factors of q.
2, 3, 5, 41
Let p be 117/(-6)*(-12)/18. Suppose -w + 4*x = -p, w - 3*w - 4*x + 2 = 0. What are the prime factors of w?
5
Let k be (-22)/(-8) - 3/(-12). Suppose k*z + 6 = 4*b, 5*z - 22 = -3*b - b. Suppose b*d + 0*d = 18. What are the prime factors of d?
2, 3
Let f(a) = -2*a**2 + 25*a + 7. Let w be f(13). Suppose -81 = -5*m - 16. Let o = m + w. What are the prime factors of o?
7
Suppose -2*p - 29 = -3. Let a = p + 31. What are the prime factors of a?
2, 3
Suppose 0*j - 24 = 12*j. List the prime factors of j/(-6) + (-538)/(-6) + -1.
89
Let m(f) = 14*f - 3. Let g be m(2). Suppose 0 = -2*q - 5*l - g, -5*q = -q - 2*l - 10. List the prime factors of (3 - 4)*(-2 + q).
2
Let l be 1*(4 + -6 - -1). Let o = l - -6. Suppose 4*k + 3*j - 56 = 0, 4*j + 28 = 2*k + o*j. List the prime factors of k.
2, 7
Let q(w) = -25*w**2 - 25*w - 14. Let a(f) = -12*f**2 - 13*f - 7. Let p(k) = 7*a(k) - 4*q(k). What are the prime factors of p(-4)?
227
Let d(u) = -28*u - 80. Let v(p) be the third derivative of 11*p**4/24 + 16*p**3/3 - 10*p**2. Let z(q) = 5*d(q) + 12*v(q). What are the prime factors of z(-8)?
2, 3
Suppose 5*y - 3*f + 2*f - 14885 = 0, -2*f - 2986 = -y. List the prime factors of y.
2, 3, 31
Let l = 265 + -154. Let u = -50 + l. Suppose 3*r + 5*b = 27 + 52, 2*r + 5*b = u. List the prime factors of r.
2, 3
Let d(z) = -5*z**2 - 238*z + 24. What are the prime factors of d(-12)?
2, 3, 5
Suppose -5*p = 3*a - 11280, -5*a - 26 = -1. What are the prime factors of p?
3, 251
Suppose -x - u + 349 = -484, -3*x = u - 2495. List the prime factors of x.
3, 277
Suppose 151*l - 161*l = -15810. What are the prime factors of l?
3, 17, 31
Suppose -4*x - 5*u = 3986 - 10559, -5*x + 4*u + 8206 = 0. List the prime factors of x.
2, 821
What are the prime factors of (-30333)/(-9) - 33/99?
2, 5, 337
Let u(i) = 2*i - 26. Let y be u(21). Suppose 0 = 11*g - y - 6. List the prime factors of g.
2
Let k(o) = 5*o**2 + 12*o + 2. Let x be k(-4). Let s = -2 + x. What are the prime factors of s?
2
Let t(v) = 737*v - 66. List the prime factors of t(4).
2, 11, 131
Suppose y + 3*y - 196 = 0. Let k = 88 - y. List the prime factors of k.
3, 13
Suppose 0 = -4*g + g - q + 2, 4*q + 9 = 5*g. Suppose 2 = -d - g, 0 = -n - 5*d + 85. What are the prime factors of n?
2, 5
Let u be (-1*2)/(-2) + -17 + 16. Let a(i) = i**2 + i + 26. List the prime factors of a(u).
2, 13
Let m be (-86)/(-18) + (-4)/(-18). Let i(n) = n**2 - 9*n - 19. Let l be i(11). Suppose -3*f + m*c + 44 = -f, 0 = 2*f + l*c - 44. List the prime factors of f.
2, 11
Suppose -7*c = -999 - 282. What are the prime factors of c?
3, 61
Let k(u) = -3*u**3 + 151*u**2 + 112*u + 111. List the prime factors of k(51).
3, 23
Let h(x) = 39*x**2 - 45*x - 198. List the prime factors of h(-5).
2, 3, 167
Let i = -246 + 438. Suppose -29*o + 27*o = -i. Suppose 2*k - o = -0*k. What are the prime factors of k?
2, 3
Let y(u) = -5*u**2 + 290*u + 49. List the prime factors of y(55).
2, 19, 23
Suppose z + 2083 = 2*b, -37*z + 3114 = 3*b - 42*z. What are the prime factors of b?
7, 149
What are the prime factors of (517 - (0 - 0)) + (233 - 228)?
2, 3, 29
Let d(i) = 1292*i**3 + i**2 + 3*i - 2. What are the prime factors of d(1)?
2, 647
Let n be (4 - 1) + ((-3)/(-1))/(-1). Suppose 4*a - 7*a + 279 = n. What are the prime factors of a?
3, 31
Suppose 43*r - 147309 - 27443 = 0. List the prime factors of r.
2, 127
Let p(s) = s**3 - 6*s**2 - 3*s + 2. Let j be p(6). Let x be 3/(20/j + 2). What are the prime factors of 13/((-1)/(-4)*x)?
13
Let g be (-66)/24 - (1 + 14/(-8)). What are the prime factors of ((-32)/(-80))/(g/(-240))?
2, 3
List the prime factors of (-4)/(-20)*10*346.
2, 173
Let j = -445 + 746. What are the prime factors of j?
7, 43
What are the prime factors of (-588)/(-112)*1032/18?
7, 43
Let y(l) = 89*l - 98. What are the prime factors of y(9)?
19, 37
Suppose 3*l + 2*m - 37 = 0, 6*l = 3*l + 5*m + 2. What are the prime factors of (-42)/(-4)*24/l?
2, 7
Suppose -x + 1 - 2 = -d, -2*d + 8 = -3*x. List the prime factors of x/(-4) - 39/(-6).
2
Let c be 38/(-14) - (-6)/(-21). Let b = 54 - 47. What are the prime factors of c/((21/(-38))/b)?
2, 19
Suppose 4*n - c - 1277 = 0, -n + 2*c + 322 = -c. Suppose -2*x + n = 11. What are the prime factors of x?
2, 7, 11
Let a(r) = -149*r + 623. List the prime factors of a(-20).
3, 1201
Let b = -946 - -1475. What are the prime factors of b?
23
Let k(y) = -y + 25. Let x be k(21). What are the prime factors of 684/24*x/3?
2, 19
Let d = 18 + 110. What are the prime factors of d?
2
Let c(w) = w**3 + 16*w**2 - 31*w - 13. What are the prime factors of c(-13)?
3, 13, 23
Let y(l) = 2*l - 6. Let m be y(4). List the prime factors of (0 + 3)/(24/608) + m.
2, 3, 13
Suppose 0 = -3*d + 2*r - 4, 3*d + r = 5*r - 8. Suppose 3*p + d*p = 5*q + 550, q = 5*p - 902. List the prime factors of p.
2, 3, 5
Let s = 27 + -94. Let r = s + 140. List the prime factors of r.
73
Let p = 20 + -14. Let v(r) be the second derivative of r**3 - 15*r**2/2 + 34*r. List the prime factors of v(p).
3, 7
Let s = 17 + -2. Let z be (-7)/((-70)/(-8))*s. What are the prime factors of ((-133)/21)/(2/z)?
2, 19
Let t be 912/18*9/(-4).